{"id":336,"date":"2014-10-01T17:16:39","date_gmt":"2014-10-01T17:16:39","guid":{"rendered":"https:\/\/bilisimcimartilar.com\/english\/?page_id=336"},"modified":"2015-10-06T17:30:53","modified_gmt":"2015-10-06T17:30:53","slug":"2015-projects","status":"publish","type":"page","link":"https:\/\/bilisimcimartilar.com\/english\/projects\/2015-projects\/","title":{"rendered":"2015 Projects"},"content":{"rendered":"<p style=\"text-align: justify;\"><img loading=\"lazy\" decoding=\"async\" class=\"alignleft size-medium wp-image-427\" src=\"http:\/\/bilisimcimartilar.com\/english\/wp-content\/uploads\/IMG-20150114-WA0018-300x225.jpg\" alt=\"Beykent Do\u011fa Seagulls\" width=\"300\" height=\"225\" srcset=\"https:\/\/bilisimcimartilar.com\/english\/wp-content\/uploads\/IMG-20150114-WA0018-300x225.jpg 300w, https:\/\/bilisimcimartilar.com\/english\/wp-content\/uploads\/IMG-20150114-WA0018-1024x768.jpg 1024w, https:\/\/bilisimcimartilar.com\/english\/wp-content\/uploads\/IMG-20150114-WA0018-940x705.jpg 940w, https:\/\/bilisimcimartilar.com\/english\/wp-content\/uploads\/IMG-20150114-WA0018-620x465.jpg 620w, https:\/\/bilisimcimartilar.com\/english\/wp-content\/uploads\/IMG-20150114-WA0018-195x146.jpg 195w, https:\/\/bilisimcimartilar.com\/english\/wp-content\/uploads\/IMG-20150114-WA0018.jpg 1280w\" sizes=\"auto, (max-width: 300px) 100vw, 300px\" \/>Dear all,<\/p>\n<p style=\"text-align: justify;\">The International ICT Seagulls Project has just completed its 12th year. Dr. Hayal K\u00f6ksal, based upon the continuous improvement philosophy, designed it and Microsoft Turkey supported it for the first five years. Students of the universities_especially students of the faculties of Education have been included in the Project under the title of \u201cICT Leading Seagulls\u201d for the last two years. Retired teachers are also included in the project. It aims at training thinking and problem-solving young generations through \u0130mece Circles methodology supported by effective technology use. Many organizations support it such as; the World Council for Total Quality &amp; Excellence in Education (WCTQEE) founded by 25 countries in City Montessori School, Lucknow, India, Nepal QUEST, Peace Education Center of Bo\u011fazi\u00e7i University (BUPERC), Human Dignity and Humiliation Studies Network and the Association for Innovative Collaboration (Y\u0130MEDER).<\/p>\n<p style=\"text-align: justify;\">Starting from Kindergarten levels to university levels and from the gifted students to the challenged ones almost 400 projects were studied successfully up to now and all the project owners were awarded and certified. In 2006, international teams started registering the project and the Ministry of National Education supported teacher coordinators to lead that project within Turkish schools starting from the year 2007. Teams from India, Nepal, Sri Lanka, South Africa, USA, and UK took part in the project in different years. The essence of the project is supported by peer and jury assessments. Every two years, the International Award Ceremony takes place in CMS, Lucknow, India starting from the year of 2009.<\/p>\n<p style=\"text-align: justify;\">This year, the youngest team belongs to CMS; the fourth graders studied about Hygiene and Security. From middle schools, there are two teams; one from Turkey and the other is from Sri Lanka. Seven high school teams are from Turkey and Sri Lanka. Un\u0131versity teams are from Gaziantep and Bo\u011fazi\u00e7i Universities. This year\u2019s projects will start on 1<sup>st<\/sup> October as usual and will end on the 1<sup>st<\/sup> day of June. Sharing the steps and activities of all projects is done through web pages and\/or Blogs.<\/p>\n<p style=\"text-align: justify;\">We congratulate all the teams of 2015 and invite all schools, retired teachers, companies, NGOs and family-supported teams to our Projects.<\/p>\n<p style=\"text-align: right;\"><strong>Dr. Hayal K\u00d6KSAL<br \/>\n<\/strong>Project Designer &amp; General Coordinator<\/p>\n<p><strong><u><img loading=\"lazy\" decoding=\"async\" class=\"alignleft size-medium wp-image-425\" src=\"http:\/\/bilisimcimartilar.com\/english\/wp-content\/uploads\/Hac\u0131-Sabanc\u0131-AL-Mart\u0131lar\u0131-300x169.jpg\" alt=\"Hac\u0131 Sabanc\u0131 AL Mart\u0131lar\u0131\" width=\"300\" height=\"169\" srcset=\"https:\/\/bilisimcimartilar.com\/english\/wp-content\/uploads\/Hac\u0131-Sabanc\u0131-AL-Mart\u0131lar\u0131-300x169.jpg 300w, https:\/\/bilisimcimartilar.com\/english\/wp-content\/uploads\/Hac\u0131-Sabanc\u0131-AL-Mart\u0131lar\u0131-940x529.jpg 940w, https:\/\/bilisimcimartilar.com\/english\/wp-content\/uploads\/Hac\u0131-Sabanc\u0131-AL-Mart\u0131lar\u0131-620x349.jpg 620w, https:\/\/bilisimcimartilar.com\/english\/wp-content\/uploads\/Hac\u0131-Sabanc\u0131-AL-Mart\u0131lar\u0131-195x110.jpg 195w, https:\/\/bilisimcimartilar.com\/english\/wp-content\/uploads\/Hac\u0131-Sabanc\u0131-AL-Mart\u0131lar\u0131.jpg 960w\" sizes=\"auto, (max-width: 300px) 100vw, 300px\" \/>RESULTS OF THE 12. INTERNATIONAL ICT SEAGULLS &amp; 2. LEADING SEAGULLS PROJECTS <\/u><\/strong><\/p>\n<p><u>PRIMARY SCHOOLS: <\/u><\/p>\n<p>YOUNG CHAMPIONS: INDIA, LUCKNOW, CITY MONTESSORI SCHOOL (CMS) 4. Gr., \u201cSQC TWITTERS\u201d: Being happy and healthy through hygiene.<\/p>\n<p><u>MIDDLE SCHOOLS:<\/u><\/p>\n<p>International Awardee: Sri Lanka, Zahira National College: Green Environment and Our School Garden.<\/p>\n<p>National Awardee: Manisa, Ala\u015fehir Cumhuriyet Middle School: Unprejudiced Life<\/p>\n<p><u>HIGH SCHOOLS:<\/u><\/p>\n<p><strong>THE BEST HIGH SCHOOL PROJECT (Overall_Challenged Studies):<\/strong> Gaziantep Vakf\u0131 Foundation Private School: <a href=\"http:\/\/www.engelsiz-dusunceler.com\/\">http:\/\/www.engelsiz-dusunceler.com<\/a><\/p>\n<p><strong>The First Runner (Best Project about Cultural Studies):<\/strong> Galatasaray High School: <a href=\"http:\/\/www.gsl.gsu.edu.tr\/martiucusta\">www.gsl.gsu.edu.tr\/martiucusta<\/a><\/p>\n<p><strong>The Second Runner (Best Project about Enviro): <\/strong>Hac\u0131 Sabanc\u0131 High School: <a href=\"http:\/\/yesilsavascilari.blogspot.com.tr\/\">http:\/\/yesilsavascilari.blogspot.com.tr<\/a><\/p>\n<p><strong>The Third Runner (Best Project on Education):<\/strong> Private Beykent Do\u011fa High School: <a href=\"http:\/\/www.mathep.com\/\">http:\/\/www.mathep.com<\/a><\/p>\n<p><strong>The Most Interesting Project:<\/strong> Hac\u0131 Sabanc\u0131 High School_Progressive Brains<\/p>\n<p><strong>The Most Enthusiastic Team: <\/strong>Manisa, Ala\u015fehir Atat\u00fcrk High School<\/p>\n<p><strong>The Most Dedicated Team: <\/strong>Sri Lanka, Zahra National College<\/p>\n<p><strong><u>RESULTS OF THE 2. INTERNATIONAL ICT LEADING SEAGULLS PROJECTS <\/u><\/strong><\/p>\n<p><u>GAZ\u0130ANTEP UNIVERSITY (LASTING 1 ACADEMIC YEAR):<\/u><\/p>\n<p>(WITH DISABLED CHILDREN) PLAY MATE: <a href=\"http:\/\/oynarmisinbizimle.blogspot.com.tr\/\">http:\/\/oynarmisinbizimle.blogspot.com.tr\/<\/a><\/p>\n<p><u>BO\u011eAZ\u0130\u00c7\u0130 UNIVERSITY (LASTING 1 TERM\/SEMESTR):<\/u><\/p>\n<p><u>ED-101 INTRODUCTION TO EDUCATION (FALL TERM STUDENTS):<\/u><\/p>\n<p><u>THE BEST PROJECT:<\/u> Dreamcatchers: Problems in Foreign Language Teaching and Solutions. http:\/\/dreamcatchers3.blogspot.com.tr\/<\/p>\n<p><u>1<sup>ST <\/sup>RUNNER:<\/u> Giraffes: Not participating in the socio-cultural activities. <a href=\"https:\/\/giraffesboun.wordpress.com\/\">https:\/\/giraffesboun.wordpress.com\/<\/a><\/p>\n<p><u>2<sup>ND<\/sup> RUNNERS:<\/u><\/p>\n<p>&#8211; Pentangle: Converting High Schools into\u2026 <a href=\"http:\/\/teampentangle.blogspot.com.tr\/\">http:\/\/teampentangle.blogspot.com.tr<\/a><\/p>\n<p>&#8211; Fled Crew: Why does the Ministry change the decisions and the system often? <u>http:\/\/fled crew.blogspot.com.tr\/?m=1<\/u><\/p>\n<p><u>3<sup>RD <\/sup>RUNNERS: <\/u><\/p>\n<p>-Five Muskeeters: Why cannot we determine well the interest areas and intelligences of our students? -Take the Red Pill: Obligatory religion courses, problems and solutions. <a href=\"http:\/\/taketheredpill1.blogspot.com.tr\/\">http:\/\/taketheredpill1.blogspot.com.tr\/<\/a> -Curlies: Privatization problem in education. <a href=\"http:\/\/thecurliesweb.blogspot.com.tr\/\">thecurliesweb.blogspot.com.tr<\/a><\/p>\n<p><em><u>Successfully Completed Projects: <\/u><\/em><\/p>\n<p><em><u>Disabled students and problems met by parents: <\/u><\/em><a href=\"http:\/\/theunstoppables-ed.blogspot.com.tr\/\u00a0\"><em>http:\/\/theunstoppables-ed.blogspot.com.tr\/\u00a0<\/em><\/a><\/p>\n<p><em>Vocational Schools\u2019 Problem: <\/em><a href=\"http:\/\/imeception.blogspot.com.tr\/\"><em>http:\/\/imeception.blogspot.com.tr\/<\/em><\/a><\/p>\n<p><em> E\u011fitimde E\u015fitsizlik: <\/em><a href=\"http:\/\/theilluminators1.blogspot.com.tr\/\"><em>http:\/\/theilluminators1.blogspot.com.tr\/<\/em><\/a><\/p>\n<p><em>Why Cannot we determine the gifted students?: <\/em><a href=\"http:\/\/thedetectors3.blogspot.com.tr\/\"><em>http:\/\/thedetectors3.blogspot.com.tr\/<\/em><\/a><\/p>\n<p><em>Private Courses and Lessons Problem: <\/em><a href=\"http:\/\/groupselfieict.blogspot.com.tr\/\"><em>http:\/\/groupselfieict.blogspot.com.tr\/<\/em><\/a><\/p>\n<p><em>TEOG Exam and Negative Outcomes: <\/em><a href=\"http:\/\/ed101rainbow.blogspot.com.tr\/\"><em>http:\/\/ed101rainbow.blogspot.com.tr\/<\/em><\/a><\/p>\n<p><em>The problems at Turkish schools concerning TQM Applications: <\/em><a href=\"http:\/\/ednightingales.blogspot.com.tr\/\"><em>http:\/\/ednightingales.blogspot.com.tr\/<\/em><\/a><\/p>\n<p><u>ED-401 CLASSROOM MANAGEMENT COURSE (FALL TERM STUDENTS):<\/u><\/p>\n<p>1<sup>ST<\/sup> RUNNER: Innovative Teachers: Why are not Turkish teachers innovative? \u00a0<a href=\"http:\/\/seagulls-newage.blogspot.com.tr\/\">http:\/\/seagulls-newage.blogspot.com.tr\/<\/a><\/p>\n<p>2<sup>ND<\/sup> RUNNER: Lilies: Why do not teachers use innovative assessment tools and methods? <a href=\"http:\/\/liliesassessment.blogspot.com.tr\/\">http:\/\/liliesassessment.blogspot.com.tr\/<\/a><\/p>\n<p>3<sup>RD<\/sup> RUNNER: Lovelies: Weak student-teacher relationship in Turkey. <a href=\"http:\/\/seagulls-lovelies.blogspot.com.tr\/\">http:\/\/seagulls-lovelies.blogspot.com.tr\/<\/a><\/p>\n<p><em><u>Successfully Completed Projects: <\/u><\/em><\/p>\n<p><em>Analysing the ownership and love towards schools: <\/em><a href=\"http:\/\/seagulls-enfolders.blogspot.com.tr\/\"><em>http:\/\/seagulls-enfolders.blogspot.com.tr\/<\/em><\/a><\/p>\n<p><em>Why cannot teachers get the needed feedback_A comparative study between state and private schools: <\/em> <a href=\"http:\/\/ficreative.tumblr.com\/\"><em>http:\/\/ficreative.tumblr.com\/<\/em><\/a><\/p>\n<p><em>Low Motivation Problem: <\/em><a href=\"http:\/\/motivational-ants.blogspot.com.tr\/\"><em>http:\/\/motivational-ants.blogspot.com.tr\/<\/em><\/a><\/p>\n<p><em>Qualities of Effective Teachers: <\/em><a href=\"http:\/\/innovativefivefingers.blogspot.com.tr\/2015\/01\/imece-circles-five-fingers.html\"><em>http:\/\/innovativefivefingers.blogspot.com.tr\/2015\/01\/imece-circles-five-fingers.html<\/em><\/a><\/p>\n<p><em>Productive Team Work (\u0130mece):<\/em> <a href=\"http:\/\/seagullsteamrainbow.blogspot.com.tr\/\"><em>http:\/\/seagullsteamrainbow.blogspot.com.tr\/<\/em><\/a><\/p>\n<p><em>Fear of Physics and Maths: <\/em><a href=\"http:\/\/thinkpairshare.blogspot.com.tr\/2015\/01\/blog-post.html#more\"><em>http:\/\/thinkpairshare.blogspot.com.tr\/2015\/01\/blog-post.html#more<\/em><\/a><\/p>\n<p><u>ED 101- INTRODUCTION TO EDUCATION COURSE (SPRING TERM STUDENTS):<\/u><\/p>\n<p><u>1<sup>ST<\/sup> RUNNER:<\/u> Doctors of Books: Problems of children Literature: <a href=\"https:\/\/doctorsofbooks.wordpress.com\/\">https:\/\/doctorsofbooks.wordpress.com<\/a><\/p>\n<p><u>2<sup>ND<\/sup> RUNNER:<\/u> Active Minds: Why are pre-school students passive?:<a href=\"http:\/\/bounactiveminds.blogspot.com.tr\/\">http:\/\/bounactiveminds.blogspot.com.tr\/\u00a0<\/a><\/p>\n<p><u>3<sup>RD<\/sup> RUNNERS:<\/u><\/p>\n<p>-Great Expectations: Why don\u2019t we give importance to Multiple Intelligences at pre-school education? <a href=\"http:\/\/www.slideshare.net\/btltmzr\/2015-international-ict-leading-seagullsmultiple-intelligence\">http:\/\/www.slideshare.net\/btltmzr\/2015-international-ict-leading-seagullsmultiple-intelligence<\/a><\/p>\n<p>-Beyond Handicaps: Why do we have only a few preschool for the disabled? <a href=\"http:\/\/www.slideshare.net\/yazgan13\/beyond-handicaps-2015\">http:\/\/www.slideshare.net\/yazgan13\/beyond-handicaps-2015<\/a><\/p>\n<p><u>Special Jury Award(Prof.Dr. \u00dcmit Serdaro\u011flu Award since 2005): <\/u>Designer Bee: Bringing solutions for the lacking toys and materials for the pre-school education classes of poor areas.<\/p>\n<p><em><u>Successfully Completed Projects: <\/u><\/em><\/p>\n<p><em>Goals of preschool education and problems:<\/em> <a href=\"http:\/\/www.slideshare.net\/drawnwaysbrighterfuture\/2015-international-ict-leading-seagullsgoals-of-preschool-educaton\"><em>http:\/\/www.slideshare.net\/drawnwaysbrighterfuture\/2015-international-ict-leading-seagullsgoals-of-preschool-educaton<\/em><\/a><\/p>\n<p><em>Parent-Teacher Relationship at the pre-school education_problems and solutions: <\/em><a href=\"https:\/\/www.slideshare.net\/HayalKoksal\/cooperaive-leaders-leading-seagulls\"><em>https:\/\/www.slideshare.net\/HayalKoksal\/cooperaive-leaders-leading-seagulls<\/em><\/a><\/p>\n<p><em>Physical problems at pre-schools: <\/em><a href=\"http:\/\/laddersforbetter.blogspot.com.tr\/\"><em>http:\/\/laddersforbetter.blogspot.com.tr\/ <\/em><\/a><\/p>\n<p><em>Importance of Arts Education in early ages. Problems and solutions..<\/em><\/p>\n<p><a href=\"http:\/\/www.slideshare.net\/FeyzanurCan\/2015-international-ict-leading-seagulls-the-project-artism\"><em>http:\/\/www.slideshare.net\/FeyzanurCan\/2015-international-ict-leading-seagulls-the-project-artism<\/em><\/a><\/p>\n<p><em>Trauma in early childhood: reasons, solutions.: <\/em><a href=\"http:\/\/www.slideshare.net\/nazan15\/2015-international-ict-leading-seagulls\"><em>http:\/\/www.slideshare.net\/nazan15\/2015-international-ict-leading-seagulls<\/em><\/a><\/p>\n<p><strong><u>ED 498- INNOVATIVE TEACHING ELECTIVE COURSE (SPRING TERM STUDENTS):<\/u><\/strong><\/p>\n<p><u>1<sup>ST<\/sup> RUNNER:<\/u> Bullybusters: Mobbing at school:\u00a0\u00a0 <a href=\"https:\/\/www.slideshare.net\/secret\/ar0mGUjFp4Hlw9\">https:\/\/www.slideshare.net\/secret\/ar0mGUjFp4Hlw9 <\/a><\/p>\n<p><u>2<sup>ND<\/sup> RUNNER<\/u>: Violence Fighters: Violent video games and their negative effects on education: \u00a0<a href=\"http:\/\/violencefighters.blogspot.com.tr\/\">http:\/\/ violencefighters.blogspot.com.tr\u00a0\u00a0 <\/a><\/p>\n<p><u>3<sup>RD<\/sup> RUNNER:<\/u> Storks: Why cannot we apply the curriculum of Village Institutions again? <a href=\"http:\/\/villageinstitutionsandcurriculum.blogspot.com.tr\/\">http:\/\/villageinstitutionsandcurriculum.blogspot.com.tr\/<\/a><\/p>\n<p><u>Special Jury Award (Prof.Dr. \u00dcmit Serdaro\u011flu Award since 2005):\u00a0\u00a0 <\/u>Anew Blue Sky: Analysing the education through Village Institutions philosophy.<\/p>\n<p><em><u>Successfully Completed Projects: <\/u><\/em><\/p>\n<p>Drug-Addicting Problems at Schools: <a href=\"https:\/\/www.slideshare.net\/HayalKoksal\/bonsai-leading-seagulls\">https:\/\/www.slideshare.net\/HayalKoksal\/bonsai-leading-seagulls <\/a><\/p>\n<p>Contribution of Music to Physics: <a href=\"http:\/\/redforces.webflow.io\/\">http:\/\/redforces.webflow.io\/ <\/a><\/p>\n<p>Why do not we give importance to Arts Education in Turkey?: <a href=\"https:\/\/www.slideshare.net\/secret\/2GafOyaPUJv7YG\">https:\/\/www.slideshare.net\/secret\/2GafOyaPUJv7YG<\/a><\/p>\n<p>Why are students passive?: <a href=\"https:\/\/vibrationsense.wordpress.com\/\">https:\/\/vibrationsense.wordpress.com\/<\/a><\/p>\n<p>Effective Science Education through \u201clearning by doing\u201d methodology: <a href=\"http:\/\/groupdaisy2015.blogspot.com.tr\/\">http:\/\/groupdaisy2015.blogspot.com.tr\/<\/a><\/p>\n<p>After so many years language education, why cannot we speak English?: <a href=\"https:\/\/www.slideshare.net\/HayalKoksal\/fl-problems-leading-seagulls\">https:\/\/www.slideshare.net\/HayalKoksal\/fl-problems-leading-seagulls <\/a><\/p>\n<p>Difficulty in Learning &amp; Autism: <a href=\"http:\/\/ed498specialeducation.blogspot.com.tr\/\">http:\/\/ed498specialeducation.blogspot.com.tr\/ <\/a><\/p>\n<p>Why are not any environmental projects on university campuses?: <a href=\"http:\/\/greenpower34.blogspot.com.tr\/\">http:\/\/greenpower34.blogspot.com.tr\/ <\/a><\/p>\n<p>Nutrition and Obesity: <a href=\"https:\/\/nutritonandobesityed498.wordpress.com\/\">https:\/\/nutritonandobesityed498.wordpress.com\/<\/a><\/p>\n<p>Why don\u2019t we have any reading habit in Turkey?: <a href=\"https:\/\/www.slideshare.net\/HayalKoksal\/acquiring-reading-habits-leading-seagulls\">https:\/\/www.slideshare.net\/HayalKoksal\/acquiring-reading-habits-leading-seagulls <\/a><\/p>\n<p>3 project are disqualified due to some technical reasons.<\/p>\n<p>We congratulate all teams for the hard work and commitment.<\/p>\n<p><img loading=\"lazy\" decoding=\"async\" class=\"alignleft size-medium wp-image-439\" src=\"http:\/\/bilisimcimartilar.com\/english\/wp-content\/uploads\/Gaziantep-Kolej-Vakf\u0131-Mart\u0131lar\u0131-300x199.jpg\" alt=\"Gaziantep Kolej Vakf\u0131 Mart\u0131lar\u0131\" width=\"300\" height=\"199\" srcset=\"https:\/\/bilisimcimartilar.com\/english\/wp-content\/uploads\/Gaziantep-Kolej-Vakf\u0131-Mart\u0131lar\u0131-300x199.jpg 300w, https:\/\/bilisimcimartilar.com\/english\/wp-content\/uploads\/Gaziantep-Kolej-Vakf\u0131-Mart\u0131lar\u0131-940x625.jpg 940w, https:\/\/bilisimcimartilar.com\/english\/wp-content\/uploads\/Gaziantep-Kolej-Vakf\u0131-Mart\u0131lar\u0131-620x412.jpg 620w, https:\/\/bilisimcimartilar.com\/english\/wp-content\/uploads\/Gaziantep-Kolej-Vakf\u0131-Mart\u0131lar\u0131-195x130.jpg 195w, https:\/\/bilisimcimartilar.com\/english\/wp-content\/uploads\/Gaziantep-Kolej-Vakf\u0131-Mart\u0131lar\u0131.jpg 960w\" sizes=\"auto, (max-width: 300px) 100vw, 300px\" \/><\/p>\n<p><img loading=\"lazy\" decoding=\"async\" class=\" size-medium wp-image-438 alignright\" src=\"http:\/\/bilisimcimartilar.com\/english\/wp-content\/uploads\/Picture1-300x197.jpg\" alt=\"Picture1\" width=\"300\" height=\"197\" srcset=\"https:\/\/bilisimcimartilar.com\/english\/wp-content\/uploads\/Picture1-300x197.jpg 300w, https:\/\/bilisimcimartilar.com\/english\/wp-content\/uploads\/Picture1-620x408.jpg 620w, https:\/\/bilisimcimartilar.com\/english\/wp-content\/uploads\/Picture1-195x128.jpg 195w, https:\/\/bilisimcimartilar.com\/english\/wp-content\/uploads\/Picture1.jpg 825w\" sizes=\"auto, (max-width: 300px) 100vw, 300px\" \/><\/p>\n","protected":false},"excerpt":{"rendered":"<p>Dear all, The International ICT Seagulls Project has just completed its 12th year. Dr. Hayal K\u00f6ksal, based upon the continuous improvement philosophy, designed it and Microsoft Turkey supported it for the first five years. Students of the universities_especially students of the faculties of Education have been included in the Project under the title of \u201cICT [&hellip;]<\/p>\n","protected":false},"author":1,"featured_media":0,"parent":16,"menu_order":190,"comment_status":"closed","ping_status":"closed","template":"","meta":{"footnotes":""},"class_list":["post-336","page","type-page","status-publish","hentry"],"_links":{"self":[{"href":"https:\/\/bilisimcimartilar.com\/english\/wp-json\/wp\/v2\/pages\/336","targetHints":{"allow":["GET"]}}],"collection":[{"href":"https:\/\/bilisimcimartilar.com\/english\/wp-json\/wp\/v2\/pages"}],"about":[{"href":"https:\/\/bilisimcimartilar.com\/english\/wp-json\/wp\/v2\/types\/page"}],"author":[{"embeddable":true,"href":"https:\/\/bilisimcimartilar.com\/english\/wp-json\/wp\/v2\/users\/1"}],"replies":[{"embeddable":true,"href":"https:\/\/bilisimcimartilar.com\/english\/wp-json\/wp\/v2\/comments?post=336"}],"version-history":[{"count":3,"href":"https:\/\/bilisimcimartilar.com\/english\/wp-json\/wp\/v2\/pages\/336\/revisions"}],"predecessor-version":[{"id":440,"href":"https:\/\/bilisimcimartilar.com\/english\/wp-json\/wp\/v2\/pages\/336\/revisions\/440"}],"up":[{"embeddable":true,"href":"https:\/\/bilisimcimartilar.com\/english\/wp-json\/wp\/v2\/pages\/16"}],"wp:attachment":[{"href":"https:\/\/bilisimcimartilar.com\/english\/wp-json\/wp\/v2\/media?parent=336"}],"curies":[{"name":"wp","href":"https:\/\/api.w.org\/{rel}","templated":true}]}}