{"id":43,"date":"2014-02-23T16:58:56","date_gmt":"2014-02-23T14:58:56","guid":{"rendered":"http:\/\/www.konverjans.com\/test\/bilisimcimartilar\/?page_id=43"},"modified":"2015-01-11T20:12:55","modified_gmt":"2015-01-11T20:12:55","slug":"2005-projects","status":"publish","type":"page","link":"https:\/\/bilisimcimartilar.com\/english\/projects\/2005-projects\/","title":{"rendered":"2005 Projects"},"content":{"rendered":"<pre><span style=\"text-decoration: underline;\">3.-5.GRADES:<\/span><\/pre>\n<ul>\n<li>Z.MUTLU-KEMER 1 ( <a href=\"http:\/\/www.kemertech.com\/\">www.kemertech.com<\/a> )<br \/>\nE\u011fitim Alamayan \u00c7ocuklara Hak Tan\u0131ma Projesi. (Giving the right of education to the uneducated children)<\/li>\n<li>FMV \u00d6zel Erenk\u00f6y I\u015f\u0131k \u0130lk\u00f6retim Okulu ( <a href=\"http:\/\/www.fmv.edu.tr\/bilisimcimartilar\">www.fmv.edu.tr\/bilisimcimartilar<\/a> )<br \/>\nAyr\u0131\u015ft\u0131r\u0131c\u0131lar D\u00fcnyas\u0131na Biz ne Kadar Katk\u0131da Bulunuyoruz? (How do we contribute to the world of decomposers?)<\/li>\n<li>Z.MUTLU KEMER 2 (<a href=\"http:\/\/www.geleceginastronotlari.com\/\">www.geleceginastronotlari.com<\/a> )<br \/>\nT\u00fcrkiye\u2019deki Uzay Ara\u015ft\u0131rmalar\u0131n\u0131n \u00d6n\u00fcndeki Engeller Nelerdir? (What are the obstacles before the Turkish space projects?)<\/li>\n<\/ul>\n<p>&nbsp;<\/p>\n<pre><span style=\"text-decoration: underline;\">6.-8. GRADES<\/span><span style=\"text-decoration: underline;\">:<\/span><\/pre>\n<ul>\n<li>SEZ\u0130N 1 ( <a href=\"http:\/\/www.sezin.k12.tr\/moda\"> www.sezin.k12.tr\/moda<\/a> )<br \/>\nModa Semtinde Trafik (2. Y\u0131l) (Traffic problem at Moda region and solutions)<\/li>\n<li>SEZ\u0130N 2 ( <a href=\"http:\/\/www.sezin.k12.tr\/rhpozitif\"> www.sezin.k12.tr\/rhpozitif<\/a> )<br \/>\nKan Ba\u011f\u0131\u015f\u0131 Hayat Kurtar\u0131r Projesi. (Blood donation)<\/li>\n<li>TED ISTANBUL ( <a href=\"http:\/\/www.teddyproje.net\/\">www.teddyproje.net<\/a> )<br \/>\nOkuma Al\u0131\u015fkanl\u0131\u011f\u0131 Edindirme Projesi. (Gaining reading habit)<\/li>\n<li>I\u015eIKKENT (<a href=\"http:\/\/www.isikkent.k12.tr\/damlaveotesi\">www.isikkent.k12.tr\/damlaveotesi<\/a>)<br \/>\nBir Damla Bin Hayat Projesi:\u0130zmir\u2019deki su sorunu ve at\u0131k sular konusunda \u00e7al\u0131\u015ft\u0131lar. (Water problem in \u0130zmir)<\/li>\n<\/ul>\n<p>&nbsp;<\/p>\n<pre><span style=\"text-decoration: underline;\">High School:<\/span><\/pre>\n<ul>\n<li>B\u0130LFEN 1 (http:\/\/<a href=\"http:\/\/www.bilfen.com\/liseprojeler\/kurbagalidere\">www.bilfen.com\/liseprojeler\/kurbagalidere<\/a> )<br \/>\nKurba\u011fal\u0131 Dere\u2019nin \u00c7evresine Etkisi Projesi (The polluted Kurba\u011fal\u0131dere Project at Kad\u0131k\u00f6y)<\/li>\n<li>TEV \u0130nan\u00e7 T\u00fcrke\u015f \u00d6zel lisesi (<a href=\"http:\/\/www.tevitol.k12.tr\/zamanarkadaslari\">www.tevitol.k12.tr\/zamanarkadaslari<\/a>)<br \/>\nZaman Arkada\u015flar\u0131 Projesi. (Time friends project)<\/li>\n<li>B\u0130LFEN 2 (http:\/\/<a href=\"http:\/\/www.bilfen.com\/liseprojeler\/dunyamirasi\">www.bilfen.com\/liseprojeler\/dunyamirasi<\/a> )<br \/>\nGelecek, Bug\u00fcnden Gelecek Projesi: Tarihimizi Yok Ederek Gelece\u011fimizi de Yok Etti\u011fimizin Fark\u0131nda m\u0131y\u0131z? (By destroying the history, we destroy our future)<\/li>\n<li>B\u0130LFEN 3 (http:\/\/<a href=\"http:\/\/www.bilfen.com\/geridonusum\">www.bilfen.com\/liseprojeler\/saprofitler<\/a> )<br \/>\n\u0130stanbul\u2019un \u00c7\u00f6p Sorunu Projesi. (Waste problem of Istanbul)<\/li>\n<li>MEF ( www.mef.k12.tr\/bilisimciler\/marti)<br \/>\nLiselerde De\u011ferlere Ba\u011fl\u0131l\u0131k Projesi. (Values Project for High school students)<\/li>\n<li>SAKIP SABANCI ANADOLU L\u0130SES\u0130 \u00a0 \u00a0 (<a href=\"http:\/\/k.domaindlx.com\/dubur\/zekakupu\/ana%20sayfa.htm\">http:\/\/k.domaindlx.com\/dubur\/zekakupu\/ana sayfa.htm<\/a> )<br \/>\nMatematik \u00d6\u011frenmeyi Etkileyen Fakt\u00f6rler Projesi. (Factors affecting learning Math)<\/li>\n<li>TED ANKARA (<a href=\"http:\/\/www.tedankara.k12.tr\/medyatick\">www.tedankara.k12.tr\/medyatick<\/a>)<br \/>\nMedyan\u0131n Gen\u00e7ler \u00dczerindeki Etkisi Projesi. (The affect of media on the youth)<\/li>\n<li>SAKIP SABANCI ANADOLU L\u0130SES\u0130 2 \u00a0 \u00a0 (<a href=\"http:\/\/k.domaindlx.com\/dubur\">http:\/\/k.domaindlx.com\/dubur<\/a>)<br \/>\nTelevizyon\u2019un \u00c7ocuklar (3-18 Ya\u015f) \u00dczerindeki Olumsuz Etkisinin Ara\u015ft\u0131r\u0131lmas\u0131 Projesi (The affects of TV on 3-18 aged children)<\/li>\n<\/ul>\n<p>&nbsp;<\/p>\n<pre><span style=\"text-decoration: underline;\">Universities:<\/span><\/pre>\n<ul>\n<li>BU-B\u00d6TE (<a href=\"http:\/\/www.proprizma.8m.com\/\">www.proprizma.8m.com<\/a>)<br \/>\nG\u00f6rme Engelliler Projesi. (Solving the problems of the blind students at Bogazici university)<\/li>\n<li>EGE-B\u00d6TE (<span style=\"text-decoration: underline;\"><a href=\"http:\/\/www.semanticweb.ege.edu.tr\/martipetek\">http:\/\/semanticweb.ege.edu.tr\/martipetek<\/a>)<br \/>\n<\/span>Etkili \u00d6\u011fretmen \u00d6zellikleri Projesi. (The characteristics of qualified teachers project)<\/li>\n<li>BU-FLED (<span style=\"text-decoration: underline;\"> <a href=\"http:\/\/www.ug.bcc.bilkent.edu.tr\/filiza\">www.ug.bcc.bilkent.edu.tr\/filiza<\/a>)<br \/>\n<\/span>K\u0131z \u00c7ocuklar\u0131n\u0131n E\u011fitimi Projesi. \u00a0 \u00a0 (Education program of the girls in Turkey)<\/li>\n<\/ul>\n<p>&nbsp;<\/p>\n","protected":false},"excerpt":{"rendered":"<p>3.-5.GRADES: Z.MUTLU-KEMER 1 ( www.kemertech.com ) E\u011fitim Alamayan \u00c7ocuklara Hak Tan\u0131ma Projesi. (Giving the right of education to the uneducated children) FMV \u00d6zel Erenk\u00f6y I\u015f\u0131k \u0130lk\u00f6retim Okulu ( www.fmv.edu.tr\/bilisimcimartilar ) Ayr\u0131\u015ft\u0131r\u0131c\u0131lar D\u00fcnyas\u0131na Biz ne Kadar Katk\u0131da Bulunuyoruz? (How do we contribute to the world of decomposers?) Z.MUTLU KEMER 2 (www.geleceginastronotlari.com ) T\u00fcrkiye\u2019deki Uzay Ara\u015ft\u0131rmalar\u0131n\u0131n \u00d6n\u00fcndeki [&hellip;]<\/p>\n","protected":false},"author":1,"featured_media":0,"parent":16,"menu_order":290,"comment_status":"closed","ping_status":"closed","template":"","meta":{"footnotes":""},"class_list":["post-43","page","type-page","status-publish","hentry"],"_links":{"self":[{"href":"https:\/\/bilisimcimartilar.com\/english\/wp-json\/wp\/v2\/pages\/43","targetHints":{"allow":["GET"]}}],"collection":[{"href":"https:\/\/bilisimcimartilar.com\/english\/wp-json\/wp\/v2\/pages"}],"about":[{"href":"https:\/\/bilisimcimartilar.com\/english\/wp-json\/wp\/v2\/types\/page"}],"author":[{"embeddable":true,"href":"https:\/\/bilisimcimartilar.com\/english\/wp-json\/wp\/v2\/users\/1"}],"replies":[{"embeddable":true,"href":"https:\/\/bilisimcimartilar.com\/english\/wp-json\/wp\/v2\/comments?post=43"}],"version-history":[{"count":3,"href":"https:\/\/bilisimcimartilar.com\/english\/wp-json\/wp\/v2\/pages\/43\/revisions"}],"predecessor-version":[{"id":379,"href":"https:\/\/bilisimcimartilar.com\/english\/wp-json\/wp\/v2\/pages\/43\/revisions\/379"}],"up":[{"embeddable":true,"href":"https:\/\/bilisimcimartilar.com\/english\/wp-json\/wp\/v2\/pages\/16"}],"wp:attachment":[{"href":"https:\/\/bilisimcimartilar.com\/english\/wp-json\/wp\/v2\/media?parent=43"}],"curies":[{"name":"wp","href":"https:\/\/api.w.org\/{rel}","templated":true}]}}