{"id":615,"date":"2021-05-11T19:53:20","date_gmt":"2021-05-11T16:53:20","guid":{"rendered":"https:\/\/bilisimcimartilar.com\/english\/?page_id=615"},"modified":"2023-08-17T16:44:08","modified_gmt":"2023-08-17T13:44:08","slug":"2020-projects","status":"publish","type":"page","link":"https:\/\/bilisimcimartilar.com\/english\/projects\/2020-projects\/","title":{"rendered":"2020 PROJECTS"},"content":{"rendered":"<p>In 2020, the world began to grapple with the pandemic. India: &#8220;SQC FIDUCIA&#8221;, consisting of 11th-grade students from City Montessori School, Kan<a href=\"http:\/\/bilisimcimartilar.com\/english\/wp-content\/uploads\/12096339_1046116615433713_3367851165433076460_n.jpg\"><img loading=\"lazy\" decoding=\"async\" class=\"size-thumbnail wp-image-663 alignleft\" src=\"http:\/\/bilisimcimartilar.com\/english\/wp-content\/uploads\/12096339_1046116615433713_3367851165433076460_n-150x150.jpg\" alt=\"\" width=\"150\" height=\"150\" srcset=\"https:\/\/bilisimcimartilar.com\/english\/wp-content\/uploads\/12096339_1046116615433713_3367851165433076460_n-150x150.jpg 150w, https:\/\/bilisimcimartilar.com\/english\/wp-content\/uploads\/12096339_1046116615433713_3367851165433076460_n-130x130.jpg 130w, https:\/\/bilisimcimartilar.com\/english\/wp-content\/uploads\/12096339_1046116615433713_3367851165433076460_n-70x70.jpg 70w, https:\/\/bilisimcimartilar.com\/english\/wp-content\/uploads\/12096339_1046116615433713_3367851165433076460_n-45x45.jpg 45w\" sizes=\"auto, (max-width: 150px) 100vw, 150px\" \/><\/a>pur Road campus, was entitled to receive the &#8220;International Champion Seagull Project&#8221; Award with its project &#8220;Reducing the fear of Public speaking&#8221;. Project Leader Dr. Vineeta Kamran was deemed appropriate to be awarded the &#8220;Best Seagull Leader of the Pandemic Period&#8221; and Dr. Jagdish Gandhi, the founder of the school, Founding President of WCTQEE, and esteemed educator, was deemed appropriate to be awarded the &#8220;Global Seagull Leader Award in the Days of the Pandemic&#8221; for continuing to effectively bring the world&#8217;s largest school together with education during the pandemic.<\/p>\n<p>This year, for the second time after last year&#8217;s BAU-EBE students, graduate students took part in our Leading Seagulls Project. My TRNC, CIU, and Educational Administration master\u2019s students carried out eight projects with distance education during the pandemic period. The three most successful works participated in our Leader Seagull Project and were entitled to receive the following Special Jury awards:<\/p>\n<p><a href=\"http:\/\/bilisimcimartilar.com\/english\/wp-content\/uploads\/Yasar.jpg\"><img loading=\"lazy\" decoding=\"async\" class=\"size-thumbnail wp-image-664 alignleft\" src=\"http:\/\/bilisimcimartilar.com\/english\/wp-content\/uploads\/Yasar-150x150.jpg\" alt=\"\" width=\"150\" height=\"150\" srcset=\"https:\/\/bilisimcimartilar.com\/english\/wp-content\/uploads\/Yasar-150x150.jpg 150w, https:\/\/bilisimcimartilar.com\/english\/wp-content\/uploads\/Yasar-130x130.jpg 130w, https:\/\/bilisimcimartilar.com\/english\/wp-content\/uploads\/Yasar-70x70.jpg 70w, https:\/\/bilisimcimartilar.com\/english\/wp-content\/uploads\/Yasar-45x45.jpg 45w\" sizes=\"auto, (max-width: 150px) 100vw, 150px\" \/><\/a>Ya\u015far K\u0131z\u0131ltan&#8217;s &#8216;SQC Red&#8217;, &#8220;Problems Faced by CIU Students in Pandemic Days and Solutions Project&#8221; Prof.Dr. \u00dcmit Serdaro\u011flu Jury Special Award,<\/p>\n<p>Sami G\u00fcne\u015f&#8217;s &#8216;SQC Sun&#8217;, &#8220;TQM Practices in Northern Cyprus Schools. Problems and Solutions Project&#8221; was given for<a href=\"http:\/\/bilisimcimartilar.com\/english\/wp-content\/uploads\/40159356_10156886778187176_2151270739708215296_o.jpg\"><img loading=\"lazy\" decoding=\"async\" class=\"size-thumbnail wp-image-665 alignright\" src=\"http:\/\/bilisimcimartilar.com\/english\/wp-content\/uploads\/40159356_10156886778187176_2151270739708215296_o-150x150.jpg\" alt=\"\" width=\"150\" height=\"150\" srcset=\"https:\/\/bilisimcimartilar.com\/english\/wp-content\/uploads\/40159356_10156886778187176_2151270739708215296_o-150x150.jpg 150w, https:\/\/bilisimcimartilar.com\/english\/wp-content\/uploads\/40159356_10156886778187176_2151270739708215296_o-130x130.jpg 130w, https:\/\/bilisimcimartilar.com\/english\/wp-content\/uploads\/40159356_10156886778187176_2151270739708215296_o-70x70.jpg 70w, https:\/\/bilisimcimartilar.com\/english\/wp-content\/uploads\/40159356_10156886778187176_2151270739708215296_o-45x45.jpg 45w\" sizes=\"auto, (max-width: 150px) 100vw, 150px\" \/><\/a> the first time this year by Asst. Prof.Dr. Erol \u0130nelmen Jury Special Award,<\/p>\n<p>Nilay \u0130nandim&#8217;s &#8216;Nil&#8217;s Plan SQC&#8217; was entitled to receive the Taner \u00d6zbey Jury Special Award for its &#8220;Problems related to Strategic Planning in Schools in the TRNC and solutions project&#8221;.<\/p>\n<p><a href=\"http:\/\/bilisimcimartilar.com\/english\/wp-content\/uploads\/Picture2.jpg\"><img loading=\"lazy\" decoding=\"async\" class=\"size-thumbnail wp-image-666 alignleft\" src=\"http:\/\/bilisimcimartilar.com\/english\/wp-content\/uploads\/Picture2-150x150.jpg\" alt=\"\" width=\"150\" height=\"150\" srcset=\"https:\/\/bilisimcimartilar.com\/english\/wp-content\/uploads\/Picture2-150x150.jpg 150w, https:\/\/bilisimcimartilar.com\/english\/wp-content\/uploads\/Picture2-130x130.jpg 130w, https:\/\/bilisimcimartilar.com\/english\/wp-content\/uploads\/Picture2-70x70.jpg 70w, https:\/\/bilisimcimartilar.com\/english\/wp-content\/uploads\/Picture2-45x45.jpg 45w\" sizes=\"auto, (max-width: 150px) 100vw, 150px\" \/><\/a>We congratulate them wholeheartedly and wish them the continuation of their successful work.<\/p>\n<p>Our two valuable schools enrolled in the project will enter the evaluation process next year as the successful studies of METU Foundation College and Mektebim Avc\u0131lar College continue in the second year.<\/p>\n<p>Congratulations wholeheartedly to all the teams involved; We wish success to all of them, especially the school leaders and teachers, who have supported them.<\/p>\n<p>Assoc.Prof.Dr. Hayal K\u00d6KSAL<\/p>\n","protected":false},"excerpt":{"rendered":"<p>In 2020, the world began to grapple with the pandemic. India: &#8220;SQC FIDUCIA&#8221;, consisting of 11th-grade students from City Montessori School, Kanpur Road campus, was entitled to receive the &#8220;International Champion Seagull Project&#8221; Award with its project &#8220;Reducing the fear of Public speaking&#8221;. Project Leader Dr. Vineeta Kamran was deemed appropriate to be awarded the [&hellip;]<\/p>\n","protected":false},"author":1,"featured_media":0,"parent":16,"menu_order":0,"comment_status":"closed","ping_status":"closed","template":"","meta":{"footnotes":""},"class_list":["post-615","page","type-page","status-publish","hentry"],"_links":{"self":[{"href":"https:\/\/bilisimcimartilar.com\/english\/wp-json\/wp\/v2\/pages\/615","targetHints":{"allow":["GET"]}}],"collection":[{"href":"https:\/\/bilisimcimartilar.com\/english\/wp-json\/wp\/v2\/pages"}],"about":[{"href":"https:\/\/bilisimcimartilar.com\/english\/wp-json\/wp\/v2\/types\/page"}],"author":[{"embeddable":true,"href":"https:\/\/bilisimcimartilar.com\/english\/wp-json\/wp\/v2\/users\/1"}],"replies":[{"embeddable":true,"href":"https:\/\/bilisimcimartilar.com\/english\/wp-json\/wp\/v2\/comments?post=615"}],"version-history":[{"count":3,"href":"https:\/\/bilisimcimartilar.com\/english\/wp-json\/wp\/v2\/pages\/615\/revisions"}],"predecessor-version":[{"id":667,"href":"https:\/\/bilisimcimartilar.com\/english\/wp-json\/wp\/v2\/pages\/615\/revisions\/667"}],"up":[{"embeddable":true,"href":"https:\/\/bilisimcimartilar.com\/english\/wp-json\/wp\/v2\/pages\/16"}],"wp:attachment":[{"href":"https:\/\/bilisimcimartilar.com\/english\/wp-json\/wp\/v2\/media?parent=615"}],"curies":[{"name":"wp","href":"https:\/\/api.w.org\/{rel}","templated":true}]}}